48).
8
Let z(v) = -v**3 + 78*v**2 - 204*v - 1610. Give z(75).
-35
Let a(l) = -694*l + 93349. Determine a(134).
353
Let u(y) = -y**2 - 1964*y - 246937. What is u(-135)?
-22
Let q(v) = -8*v**3 - 5*v**2 + 118*v + 491. Give q(-4).
451
Let l(q) = -q**2 - 1235*q - 156150. Determine l(-143).
6
Let j(o) = 11*o**2 - 1182*o - 4902. What is j(-4)?
2
Let h(g) = -4*g**3 + 85*g**2 - 359*g - 41. Give h(6).
1
Let s(w) = 56*w - 16388. What is s(292)?
-36
Let b(g) = -g**3 + 14*g**2 + 13*g - 202. What is b(17)?
-848
Let u(y) = -197*y + 42. Calculate u(0).
42
Let o(i) = -4766*i - 224032. Give o(-47).
-30
Let c(p) = -19*p**3 - 3*p**2 - 1414*p - 1412. Determine c(-1).
18
Let z(d) = 2*d**2 - 82*d - 4500. Determine z(-17).
-2528
Let x(z) = -9*z**3 + 727*z**2 + 2418*z + 1570. Give x(84).
58
Let r(h) = 211*h - 22332. Determine r(93).
-2709
Let g(r) = 6*r**2 - 1420*r + 23233. Calculate g(219).
19
Let v(j) = 538*j - 159268. Give v(296).
-20
Let o(f) = f**3 + 108*f**2 + 101*f - 794. What is o(-107)?
-152
Let k(g) = 73*g**2 + 1388*g + 5120. Give k(-14).
-4
Let b(z) = -16676*z - 2501392. What is b(-150)?
8
Let t(l) = 3*l**2 + 152*l - 4456. Give t(34).
4180
Let c(y) = 22316*y + 66520. What is c(-3)?
-428
Let r(i) = 2*i**3 + 18*i**2 - 390*i - 2559. What is r(-6)?
-3
Let z(d) = -8580*d - 1836130. What is z(-214)?
-10
Let g(a) = 7*a**2 + 776*a + 572. Determine g(-110).
-88
Let z(m) = -242*m - 14466. Calculate z(-60).
54
Let i(q) = -11*q**3 + 2004*q**2 - 364*q + 126. What is i(182)?
126
Let s(q) = q**3 + 10*q**2 + 18*q + 111. Give s(-9).
30
Let a(c) = -404*c - 12706. Give a(-29).
-990
Let z(f) = -4*f**3 + 31*f**2 + 2898*f - 25969. Calculate z(9).
-292
Let o(n) = 83*n**2 + 3800*n - 826. Determine o(-46).
2
Let x(y) = 24*y**3 + 8391*y**2 - 3152*y - 704. Determine x(-350).
-4
Let j(i) = 128*i**2 + 77956*i + 2102. Calculate j(-609).
-334
Let y(k) = 15*k**3 - 6*k**2 - 2*k + 6. What is y(2)?
98
Let r(f) = 78*f**3 + 5*f**2 + 253*f - 503. What is r(2)?
647
Let z(i) = 1655*i + 11042. Give z(-7).
-543
Let x(v) = -26696*v + 213561. Calculate x(8).
-7
Let b(z) = 54*z**2 + 477*z - 3434. Calculate b(7).
2551
Let b(o) = -3*o**2 + 8785*o + 185803. Calculate b(-21).
-5
Let f(p) = 9*p**2 + 1348*p + 32153. What is f(-120)?
-7
Let w(v) = v**2 + 114*v + 343. Calculate w(-20).
-1537
Let n(f) = -4*f**3 + 46*f**2 - 40*f + 16. Determine n(11).
-182
Let f(z) = 16*z**2 - 388*z + 3528. Determine f(16).
1416
Let n(o) = -o**2 + 167*o + 1741. What is n(173)?
703
Let i(t) = 2*t**2 - 837*t + 43923. Calculate i(357).
12
Let w(y) = -1103*y**3 + 3*y**2 - 9*y + 8. Give w(1).
-1101
Let u(i) = -18424*i - 202752. Give u(-11).
-88
Let w(d) = d**3 + 240*d**2 - 102*d - 24494. Determine w(-240).
-14
Let s(w) = -237*w - 94511. What is s(-399)?
52
Let u(w) = 69*w - 2200. Give u(31).
-61
Let g(j) = 5989*j - 44103. Calculate g(7).
-2180
Let c(a) = -2*a**3 + 28*a**2 - 214*a - 11. Determine c(10).
-1351
Let x(y) = -47*y**2 + 3361*y - 1689. Determine x(71).
15
Let l(j) = -2*j**2 - 17425*j + 2101891. Calculate l(119).
-6
Let f(b) = 8081*b + 161478. Determine f(-20).
-142
Let t(b) = -1208*b - 235265. Give t(-195).
295
Let c(o) = o**3 + 300*o**2 + 2923*o + 6949. Determine c(-290).
279
Let y(r) = r**3 - 93*r**2 + 172*r - 6964. Give y(92).
396
Let c(t) = -5047*t + 863038. Determine c(171).
1
Let x(o) = 5102*o - 3178537. Calculate x(623).
9
Let z(b) = -8606*b + 60053. What is z(7)?
-189
Let d(a) = 3*a**2 - 6935*a + 13870. What is d(2)?
12
Let k(y) = -y**3 + 14*y**2 + 11103*y - 144497. Give k(13).
11
Let g(z) = 458*z - 8182. What is g(27)?
4184
Let a(v) = 985*v - 60891. Determine a(62).
179
Let r(k) = 1394733*k - 1394729. Calculate r(1).
4
Let q(u) = 361*u - 7668. What is q(20)?
-448
Let a(l) = -422837*l + 4228366. Give a(10).
-4
Let u(q) = -q**2 + 21573*q + 539952. Determine u(-25).
2
Let k(o) = -377*o**2 - 7628*o - 1773. Determine k(-20).
-13
Let g(z) = 8131*z - 8155. What is g(1)?
-24
Let z(b) = -b**2 - 313*b - 6887. What is z(-37)?
3325
Let f(r) = -11*r**2 - 805*r - 187. Determine f(-73).
-41
Let x(l) = -13609*l - 2966787. Give x(-218).
-25
Let o(s) = 1304*s**2 - 14313*s - 363. Give o(11).
-22
Let o(i) = -28*i**2 - 87*i + 5. Give o(-2).
67
Let k(u) = 831*u + 154506. Give k(-186).
-60
Let n(w) = -w**3 + 48*w**2 + 252*w + 245. Give n(53).
-444
Let k(m) = -14*m**2 + 26*m - 159. Give k(14).
-2539
Let i(a) = -7*a**2 - 7733*a + 54302. What is i(7)?
-172
Let u(h) = -1044*h + 110601. Determine u(106).
-63
Let v(t) = 9*t**3 - 779*t**2 - 376*t + 2451. What is v(87)?
15
Let f(t) = 148*t - 16193. What is f(109)?
-61
Let x(t) = 49*t**2 + 30*t - 28. Determine x(1).
51
Let a(x) = x**3 + 60*x**2 - 317*x + 435. Determine a(-65).
-85
Let i(k) = -k**2 - 1845*k - 350478. Give i(-215).
-28
Let k(n) = 3151*n - 185925. What is k(59)?
-16
Let u(d) = -d**2 + 312*d + 424567. Give u(826).
3
Let m(s) = -3*s**3 + 98*s**2 + 72*s - 218. Calculate m(33).
1069
Let y(d) = -12792*d - 1650164. Calculate y(-129).
4
Let n(l) = l**3 - 47*l**2 + 652*l - 2668. What is n(26)?
88
Let u(c) = 71862*c - 431173. What is u(6)?
-1
Let p(w) = -w**2 + 484*w + 52554. Determine p(-91).
229
Let g(h) = -3*h**3 - 288*h**2 + 145*h - 14162. What is g(-97)?
0
Let f(z) = 220*z**2 + 260042*z + 2373. Calculate f(-1182).
9
Let s(z) = -3*z**2 + 10367*z + 303176. Determine s(-29).
10
Let s(q) = -6*q**2 + 282*q + 959. Give s(0).
959
Let m(x) = 28*x**2 + 45*x - 1069. Give m(-17).
6258
Let a(j) = 2409*j - 151375. Give a(63).
392
Let z(k) = -18*k**3 + 1256*k - 6368. Give z(5).
-2338
Let f(l) = 27099*l + 189717. Give f(-7).
24
Let k(f) = 16*f**2 + 305*f - 403. Determine k(-21).
248
Let w(t) = -t**3 + 82*t**2 - 314*t - 93. What is w(78)?
-249
Let u(d) = 6687*d + 2046160. Give u(-306).
-62
Let z(q) = 10*q**2 - 546*q + 2579. What is z(52)?
1227
Let y(d) = -1449*d + 111594. Calculate y(77).
21
Let r(y) = -y**2 - 2468*y - 44092. Give r(-18).
8
Let a(m) = -230*m**2 + 48*m + 88. Give a(-2).
-928
Let n(v) = 187*v + 7309. Calculate n(-26).
2447
Let s(d) = 34025*d - 4967623. Determine s(146).
27
Let h(y) = -2155*y + 12930. What is h(6)?
0
Let c(m) = -2*m**2 - 6882*m - 892612. Calculate c(-135).
8
Let s(c) = -c**3 - 115*c**2 - 697*c + 17006. Determine s(-107).
-7
Let v(x) = -x**2 - 1485*x - 17571. Calculate v(-12).
105
Let m(f) = f**3 - 3*f**2 - 88*f - 226. Calculate m(11).
-226
Let r(p) = 402*p - 1552. Determine r(4).
56
Let g(f) = f**3 + 22*f**2 + 76*f - 406. Give g(5).
649
Let g(n) = 136*n + 254. Give g(22).
3246
Let x(v) = 12*v**2 + 2235*v + 24593. What is x(-11)?
1460
Let v(z) = -457*z + 104955. Calculate v(229).
302
Let r(z) = -5316*z - 53236. Calculate r(-10).
-76
Let v(t) = -731526*t + 10972898. What is v(15)?
8
Let s(c) = -59828*c - 1196565. Determine s(-20).
-5
Let v(t) = 2*t**3 + 79*t**2 + 182*t - 8. Give v(-36).
2512
Let v(y) = 65*y**2 + 12707*y - 6458. What is v(-196)?
10
Let c(s) = -22*s**2 - 344*s - 1119. Give c(-11).
3
Let x(q) = -1548*q + 114715. What is x(74)?
163
Let b(m) = 38*m**3 + 30*m**2 + 916*m + 887. What is b(-1)?
-37
Let t(a) = -a**3 + 43*a**2 - 459*a + 786. Give t(21).
849
Let k(j) = 1054*j - 1268. Determine k(1).
-214
Let c(o) = o**2 - 3335*o + 2255647. Give c(943).
-9
Let c(l) = 3*l**2 + 4645*l + 78096. Calculate c(-17).
-2
Let f(s) = 4*s**3 - 17*s**2 + 39*s - 216. Calculate f(6).
270
Let i(b) = 280*b**2 - 3856*b - 21. Calculate i(14).
875
Let q(t) = -208488*t - 10841376. Determine q(-52).
0
Let s(a) = -11766*a - 105900. Calculate s(-9).
-6
Let j(l) = -4*l**3 + 29*l**2 - 9*l + 31. Give j(4).
203
Let y(w) = w**2 - 255*w - 6967. Give y(-25).
33
Let w(p) = -70*p**2 + 23533*p + 119403. Determine w(-5).
-12
Let c(t) = 164*t + 314. Give c(-2).
-14
Let i(g) = g**2 - 3105*g - 229124. Calculate i(-72).
-380
Let v(j) = 116619*j + 233311. Give v(-2).
73
Let c(n) = n**3 - 124*n**2 + 1130*n + 1570. Give c(114).
430
Let b(w) = 1150*w - 4332. Determine b(4).
268
Let y(f) = -53105*f - 2017999. Give y(-38).
-9
Let k(n) = -2*n**2 + 756*n - 8776. Give k(12).
8
Let k(d) = -1484*d + 148195. Give k(100).
-205
Let z(p) = -1203*p - 71008. Give z(-59).
-31
Let h(v) = -v**3 + 278*v**2 + 9300*v + 1638. Determine h(-30).
-162
Let i(x) = -61962*x - 4709104. Give i(-76).
8
Let q(b) = 14*b**2 + 293*b + 505. Calculate q(-19).
-8
Let d(k) = -8*k**2 + 253*k + 1368. What is d(41)?
-1707
Let n(x) = 604444*x + 18